(6/4)/(9/54). Suppose -8*d = -9*d + p. What are the prime factors of d?
3
Let l be (-5)/(-10)*(39 + -1). Suppose -40 = -2*n - 2*s, 4*n = 4*s + l + 21. List the prime factors of n.
3, 5
Let a be (-8)/6*(-3)/2. Suppose -a*b - 30 = -5*b. Let s = b - 2. What are the prime factors of s?
2
Let b = 69 + 44. List the prime factors of b.
113
Suppose 5*m - 123 - 157 = 0. List the prime factors of m.
2, 7
Let i(n) = n - 4. Let s be i(6). List the prime factors of (44/(-8))/((-1)/s).
11
Let f(u) = -u**3 + 8*u**2 - 9*u + 10. Let l be f(7). Let y be l/(-3)*(-4 - -40). Suppose -3*z + y = z. List the prime factors of z.
2, 3
List the prime factors of (-2)/11 - (-180)/22.
2
Suppose 6*a - 2*a - 8 = 0. Let s be a/2 - 0/(-3). What are the prime factors of (s/3)/(3/27)?
3
Suppose 3*y - 57 = 6. What are the prime factors of 34 - (-7)/(y/6)?
2, 3
Let p(k) = k**3 - 2*k**2 + k + 1. Suppose 0 = 2*o - o + 2. Let b be (-2)/o - (-4 - -2). What are the prime factors of p(b)?
13
Suppose 0 = -n + 6*n - 3*m - 47, -2*n = m - 10. Suppose -n + 3 = -2*f. List the prime factors of f.
2
Let l = -9 + 5. What are the prime factors of (6/l)/(3/(-14))?
7
List the prime factors of (-12)/(-18) - (-646)/3.
2, 3
Let n(y) = y**2 + 8*y + 2. Let s be n(-6). Let j(d) = d**3 + 9*d**2 - 11*d - 7. Let t be j(s). Let p(o) = o**2 - 3*o + 4. What are the prime factors of p(t)?
2
Let o = 657 + -446. List the prime factors of o.
211
Let d be 3/(-12) + (-25)/(-4). Suppose d*s = 2*s. Let k(y) = -y**2 + 3. What are the prime factors of k(s)?
3
Suppose 3*i = -0*i. Suppose -v + i*v = -12. Let g = v - 2. What are the prime factors of g?
2, 5
Let h = 332 - 213. What are the prime factors of h?
7, 17
Let z = 5 - 0. Suppose 0 = r - 6 - z. List the prime factors of r.
11
Suppose -125 = -4*b - 21. What are the prime factors of b?
2, 13
Suppose -r - 2*h + 0 + 1 = 0, 2*r - 4*h - 10 = 0. Suppose i + 2 = y - 26, 5*y - 100 = -r*i. What are the prime factors of y?
23
Suppose -2*w + 22 = -4*u, 2*w + 0*u + u - 2 = 0. Let z(g) = 4*g + 1. What are the prime factors of z(w)?
13
Suppose 5*g = u + 436, -3*g = -g - 2*u - 176. Let h = g - 52. List the prime factors of h.
5, 7
Let o(p) = 3*p**2 - 1 - p**2 + 1. Let s be o(-1). Suppose -3*b + s*b = -7. List the prime factors of b.
7
Let m = 34 - 12. List the prime factors of m.
2, 11
Suppose 4*c - 2*x - 115 + 33 = 0, 0 = 4*c - 4*x - 84. List the prime factors of c.
2, 5
Let u(h) = 1 - 2 + h**2 - 5*h + 6. Let n be u(4). Suppose 2*m = 13 + n. What are the prime factors of m?
7
Suppose 0 = 4*b - 4, 3*i + 3*b - 17 = b. Suppose i = -5*g - 0. What are the prime factors of (-21)/(-2) - g/(-2)?
2, 5
Let c(p) = -p**3 + 11*p**2 + 17*p - 6. List the prime factors of c(12).
2, 3
Let m(n) = -2*n - 6. Let h be m(-9). Let c = 1 + h. What are the prime factors of c?
13
Suppose -3*o + 17 - 5 = 0. Suppose -o*a = a - 35. Suppose -2*b + 29 = 3*n, b + a*n - 2*n = 25. List the prime factors of b.
2, 5
Suppose -4*q + u + 41 = 0, -2*u = 2*u - 12. Suppose -3*x - 5*a - 1 = -q, x - 9 = 4*a. Suppose 4*d = x*d - 7. What are the prime factors of d?
7
Let t = -17 - -9. What are the prime factors of (t/2)/(1 + -3)?
2
Let b = 63 - 40. What are the prime factors of b?
23
Suppose -4*j = -g + 10, -3*g + 2*j - 4 = -24. Suppose g*r + 85 = 11*r. List the prime factors of r.
17
Let j be (2 + 3 + -2)*1. Suppose 0 = -x + 3*l + 6, j*x = -3*l + 30 + 36. What are the prime factors of x?
2, 3
List the prime factors of (-5)/(30/3)*(1 + -447).
223
Let h = -11 - 12. Let v = h + 36. What are the prime factors of v?
13
Suppose -2443 = -2*v - 5*v. List the prime factors of v.
349
Suppose 5*p - 211 = -q, 0*q = -2*q - 5*p + 402. What are the prime factors of q?
191
Let u be (10/3)/((-4)/(-30)). Suppose -2*w = -3*x - 10, -5*x = 5*w - 0*x - u. What are the prime factors of w?
5
Let i = 10 - 6. Suppose i*g - 49 = 3*g. Suppose 4*x + 78 = 4*q + 2*x, -2*q + g = -3*x. List the prime factors of q.
17
Suppose 5*y + q - 1282 = 2*q, -3*q - 6 = 0. What are the prime factors of y?
2
Let p(g) = -g**3 + g + 8. Let a be p(0). Let n be ((-102)/(-8))/3*a. Let z = -20 + n. What are the prime factors of z?
2, 7
Let p = 43 + -24. List the prime factors of p.
19
Suppose 2*u = -u + 18. Suppose 3*m = 2*m + u. List the prime factors of m.
2, 3
Suppose 3*r - 108 = -3*c, r + c - 27 = 3*c. What are the prime factors of r?
3, 11
Suppose -k = -5*x + 538, -70 = x + 4*k - 186. What are the prime factors of x?
2, 3
Suppose -c + 6*c + 20 = 0. Let r be (-32)/18 + c/18. Let q = r + 9. List the prime factors of q.
7
Let k = -4 - -6. Suppose -34 = -k*f + 10. Let h = f + -6. What are the prime factors of h?
2
Let k = -4 - -6. Let q(n) = n**3 - k - 3*n + 4 - 2 + 4*n**2. What are the prime factors of q(2)?
2, 3
Suppose 2*k - 8 = -2*k. Suppose 4*i = -i + 35. Suppose 0 = -4*w - 3*q + i, w - k*q + 2 = 12. List the prime factors of w.
2
Suppose 0 = 2*o + o - 330. Suppose 0*z - o = -5*z. List the prime factors of z.
2, 11
Let b be (4/(-8))/((-1)/(-14)). Let q = 6 + b. Let g = 4 + q. What are the prime factors of g?
3
Suppose -5*a - 5 = -0*a. List the prime factors of 12/20*(a + 6).
3
Suppose 2*s + 92 = 4*n + 24, -2*n - 2*s = -22. Suppose 2*f + 3*b = n, -3*f + 6*b = 2*b - 31. What are the prime factors of f?
3
List the prime factors of (51/(-3 + 0))/(-1).
17
List the prime factors of 0 - (-3 + 64/(-7 - -3)).
19
Suppose -3*b + 2*b - 4 = 0. List the prime factors of (-297)/(-45) + b/(-10).
7
Let z(m) = 2 - m + 3*m + 6. Let g be z(-7). Let q = -1 - g. List the prime factors of q.
5
Suppose -5*t - 475 - 182 = -4*l, -855 = -5*l - 5*t. What are the prime factors of l?
2, 3, 7
Suppose 2*b + 339 = 5*b. What are the prime factors of b?
113
Let s = -31 + 68. What are the prime factors of s?
37
Suppose 2*a = -0*a - 4, -f + 14 = -4*a. What are the prime factors of ((-32)/6)/((-4)/f)?
2
Let y = -70 + 28. Suppose k + 3*k + 105 = -5*q, 27 = -k - 2*q. Let p = k - y. What are the prime factors of p?
17
Let z(n) = n + 1. Let a be z(0). Let t(i) = 4*i**3 - i. List the prime factors of t(a).
3
Suppose -c - 3*c - 240 = 2*o, 252 = -4*c - 5*o. Let b = -40 - c. What are the prime factors of b?
2, 3
Suppose 19 - 3 = 4*o. Let w be o/6 - (-1)/3. What are the prime factors of (-3 + w)/((-2)/4)?
2
Suppose 0 = 4*z + 4*d - 1084, d - 5 = -7. List the prime factors of z.
3, 7, 13
Let l = 3 + 9. Suppose l = -r + 3*r. List the prime factors of r.
2, 3
Suppose 0 = -4*k + 2 + 14. Suppose -k*s - 4 = -0*i + i, -5*s - 5*i = 20. Suppose s = m + 4 - 13. List the prime factors of m.
3
Let g(s) = s**2 - 6*s + 3. What are the prime factors of g(12)?
3, 5
Suppose 0 = -2*v - 3*v. Suppose 4*d = -v*d + 32. What are the prime factors of d?
2
Let k = -10 - -1. Let a(i) = i**2 + 6*i + 8. List the prime factors of a(k).
5, 7
Let h(x) be the third derivative of -x**6/120 + x**5/12 + x**4/24 - x**2. What are the prime factors of h(5)?
5
Suppose 3*u = 176 + 70. List the prime factors of u.
2, 41
Let i = -107 - -156. What are the prime factors of i?
7
Let y be (5 + 0)*(-12 + 13). Suppose 0*c - 39 = -3*c - 4*x, 0 = -y*x + 15. What are the prime factors of c?
3
What are the prime factors of (-14)/(-4) - (-6)/(-4)?
2
Let t be (-37)/(-2) - (-7)/(-14). What are the prime factors of (t/(-4))/(2/(-8))?
2, 3
Let m be ((-6)/(-9))/(2/21). Suppose 7 = p - 4*h, p = h - 5*h + m. What are the prime factors of p?
7
Let x = -8 - -18. List the prime factors of x/((-33)/18 - -2).
2, 3, 5
Let n(p) = p**3 - 8*p**2 + 6*p - 2. Let x be n(7). Let c(q) = -2*q - 12. List the prime factors of c(x).
2, 3
Suppose -5*j + 2*j + 87 = 0. What are the prime factors of j?
29
Suppose -4*t = -8*t + 8. Suppose 0 = 2*r - 24 - t. What are the prime factors of r?
13
Suppose -2*t + 5*h = -23, 3*t - 2*h + 3*h + 8 = 0. Let b be -10*(2/(-4) + 2). Let l = t - b. What are the prime factors of l?
2, 7
Let g be 16/72 - (-68)/18. Let u = g + 9. What are the prime factors of u?
13
Suppose 7*q - 67 = 1039. What are the prime factors of q?
2, 79
Let t(i) = -i**3 + 5*i**2 - i + 7. Let v = 1 + 2. Suppose 6*g = v*g + 15. List the prime factors of t(g).
2
Suppose 0 = -l - 5*d + 123 + 43, -2*d - 332 = -2*l. List the prime factors of l.
2, 83
What are the prime factors of 75/45*(-1 - -4)?
5
Let f(r) = -r - 7. Suppose 0 = k + 2*o + 11, 4*k + o + 32 = 2. Let c be f(k). Suppose c = 4*p - 6